-22).
7
Let u(h) = 41*h**2 + h + 2. List the prime factors of u(8).
2, 3, 439
List the prime factors of (1 + 14)*(-14192)/(-48).
5, 887
Let c be 2 + (471 - -1) + -4. Suppose 5*r - 3*r - c = 0. List the prime factors of r.
5, 47
Let n(t) = -t**3 + 6*t**2 + 4*t - 2. Let o be n(6). Let b be 398/(-11) + 4/o. Let d = 0 - b. List the prime factors of d.
2, 3
Suppose 259*h - 257*h = 10. Suppose -4*c - h*p + 1220 = 0, 916 = 4*c - c + 4*p. List the prime factors of c.
2, 3, 5
Let q(k) = 1 + 2*k - 2*k**2 + 0*k**2 + 3*k**2. Let x be q(-1). Suppose x = -3*r + j + 52, -3*j = -r - 4*j + 16. List the prime factors of r.
17
Let n = 3739 + -1789. What are the prime factors of n?
2, 3, 5, 13
Let s = 2920 + 2108. List the prime factors of s.
2, 3, 419
Suppose 5*b - 2 = 88. Let i = 10 - 2. Let g = i + b. What are the prime factors of g?
2, 13
Suppose 13 = n + 21. Let u = 3 - n. List the prime factors of 1 + u + 4 + -2.
2, 7
Suppose 3*b + v = 272, 5*b - 470 = -0*v - 5*v. Suppose 24 = o - 3*t, 5*o + t = b + 15. What are the prime factors of o?
3, 7
Let c = -661 - -1252. Suppose 5*h + 161 = c. List the prime factors of h.
2, 43
What are the prime factors of -5 - 1 - 930/(-2)?
3, 17
Suppose 3*l - 32 - 79 = 0. Let p be (-1 - 25/(-15)*1)*-33. Let z = p + l. What are the prime factors of z?
3, 5
Suppose 29*y - 2175 = 24*y. List the prime factors of y.
3, 5, 29
Let z be (-3)/(-15) - 355/(-75)*-33. Let p = z - -315. What are the prime factors of p?
3, 53
Let f be (-2)/((-10)/(-3)) - 1372/(-245). Suppose -3*z + 353 = 2*n, f*z - 141 = -n + 32. List the prime factors of n.
2, 89
Suppose 3*k = 8*k - 1955. Suppose 0 = -3*c + 4*t + k, 2*c + 3*t + t = 274. List the prime factors of c.
7, 19
Let u = -401 + 632. Suppose 3*c + w - 105 = 0, -5*c + 5*w = 36 - u. Suppose -3*a - 79 = -2*h + 28, c = h + 2*a. List the prime factors of h.
2, 23
What are the prime factors of (-10250)/(-6) - (-3 + (-50)/(-15))?
2, 7, 61
Let x(l) = 3*l**3 - 2*l**2 + l + 2. Let s be x(2). Suppose -332 = -2*n - s. List the prime factors of n.
2, 3, 13
Suppose -2*k + 2998 = -3*y, 10*k - y = 11*k - 1489. What are the prime factors of k?
1493
Let x be (20/3 - 6) + (-6196)/6. What are the prime factors of ((-2)/(-3) - 1) + x/(-18)?
3, 19
Let v be (-136)/(-51)*6/4. Suppose 4*t + 0*t = 2*a - 38, -4*a + 5*t + 70 = 0. Suppose 0 = v*i - 4*c - 112, 0*c - 5*c + a = 0. List the prime factors of i.
31
Let g = 7709 - 5354. List the prime factors of g.
3, 5, 157
Suppose -4*o + 12*k = 15*k - 849, 429 = 2*o - 3*k. List the prime factors of o.
3, 71
Let u = 1265 - 825. What are the prime factors of u?
2, 5, 11
Let r(a) = 47*a + 3. Let y = 9 - 4. Let m be r(y). What are the prime factors of (-1)/3 - m/(-21)?
11
Let q = -248 - -1501. What are the prime factors of q?
7, 179
Let o(i) = i**2 - 10*i - 22. Let x be o(12). Suppose -4*h = x*h - 240. List the prime factors of h.
2, 5
Suppose -f = -39*r + 44*r - 2003, 4*f - 3*r = 8058. List the prime factors of f.
3, 11, 61
Let k(f) = -51*f**2 - 4*f - 4. Let c(o) = 1. Let j(s) = -2*c(s) - k(s). What are the prime factors of j(-2)?
2, 3, 11
Let l be 4/(-6)*(-885)/10. Suppose 11 = 3*k + l. Let d = k - -36. List the prime factors of d.
2, 5
Suppose t + 5*c - 8 = 0, -10 = -4*t - 3*c + 5*c. Suppose -t*l - l + 40 = 0. Suppose k + l = 2*x, 1 + 13 = 2*x + k. List the prime factors of x.
2, 3
Let r be (0 + -1)*-5 + 0. Suppose r*w - 67 = 213. What are the prime factors of w?
2, 7
Let s be ((-4)/10)/(10/(-50)). Let j(w) = -w**2 - 3*w**2 + 5 + 11*w - 4 + 3*w**s. List the prime factors of j(8).
5
Suppose 70 + 8 = 2*w + 4*z, 3*w - 122 = -z. List the prime factors of w.
41
Let l be 8 - 6 - (-5)/1. Let q = -7 + l. Suppose c - 4*c - 3*h + 174 = q, 0 = 5*c - 5*h - 280. What are the prime factors of c?
3, 19
Suppose -37*u + 9567 + 73276 = 0. What are the prime factors of u?
2239
Let j(w) = w**2 - 8*w - 3. Let t be j(7). Let y = 13 + t. Suppose y*s - 38 = 4*p + 55, 5*s - 4*p - 155 = 0. List the prime factors of s.
31
Let g = -473 - -693. Suppose -g = -5*d + 100. What are the prime factors of d?
2
Suppose -7*n = -3*n - 44. Let m = 9 - n. Let u = 24 - m. What are the prime factors of u?
2, 13
Suppose 123 = 2*c + 3*c - p, 2*c = -2*p + 42. Let v(o) = -11*o**2 - o + 2. Let n be v(1). Let q = c + n. What are the prime factors of q?
2, 7
Let r be 15/3*(-12)/(-20). Suppose -r*n - 5*b = -160, -2*n - 4*b = b - 115. What are the prime factors of n?
3, 5
Let a(w) = -w**3 - 8*w**2 - 2*w - 18. Let r be a(-8). List the prime factors of ((-18)/(-45))/(r/(-145)).
29
Let x(f) = 22 + 5*f + f**2 + 3*f - 12 + 0*f**2. Let p be x(-7). Suppose 0 = m - k + 4*k - 60, -2*m - p*k + 129 = 0. List the prime factors of m.
3, 23
Let d = 14 + -37. List the prime factors of (15/(-5) - -2)/(1/d).
23
Let m = 62 + -264. Let g = -135 - m. What are the prime factors of g?
67
Let w = -13 - -15. Suppose -2*h + w = -6, -c = 5*h - 38. Let p = 1 + c. List the prime factors of p.
19
Suppose 4*d - 3 - 185 = 0. Suppose k - d = 30. Suppose -3*i + 4*b - 1 + k = 0, -3*i + 52 = 2*b. What are the prime factors of i?
2, 5
Suppose -k = -4*k + 12. Suppose 5*o - 2*n - 2*n - 180 = 0, 0 = k*o - 2*n - 150. What are the prime factors of o?
2, 5
Let o = 31 - 16. Let q = 1 - 1. Suppose -m + o = -q*m. What are the prime factors of m?
3, 5
Suppose 26*t + 0*t - 3328 = 0. What are the prime factors of t?
2
Let c(o) = o**2 + 7*o - 5. Let q be c(-8). Suppose -4*w + q*w = -4. Suppose 0 = 3*x + 12, -5*x + 20 = 3*p - w*x. What are the prime factors of p?
2
What are the prime factors of 20/30*2421/6?
269
Let u(f) = -4 - 10*f**2 + f + 14*f**2 - 3*f. Suppose 0*n = -3*n - 3*p + 12, -5*n + p + 14 = 0. List the prime factors of u(n).
2, 13
Let g(j) = 296*j + 21. Let d be g(-11). List the prime factors of ((-4)/6)/(d/645 + 5).
43
Let n(w) = -w**3 + 7*w**2 - 4*w - 10. Let z be n(6). Suppose -3*o = z*l - 417, 5*o + 281 = l + 66. List the prime factors of l.
2, 3, 5, 7
List the prime factors of 317*1/(-5)*(2 - 7).
317
Let g = -158 + 665. List the prime factors of g.
3, 13
Suppose -3*b - 3*i + 11 = -2*i, 5*i - 19 = -3*b. Suppose -6*h + 12 = -b*h. What are the prime factors of (34 - h) + 0 - -3?
3, 11
Let u(n) = n**2 - 1. Let c(q) = 8*q**2 - 2*q - 12. Let o(a) = -c(a) + 10*u(a). Let l be o(-2). Suppose 0 = -l*v + 167 + 1. What are the prime factors of v?
2, 7
Suppose 1814 = 3*g - 994. List the prime factors of g.
2, 3, 13
Suppose 0 = i + 2*f - 2, 5*f - 5 = -2*i. Suppose -30 = -4*d + 5*b, 2*d - 2 = -4*b - i. List the prime factors of d.
5
Let b(t) = -t**3 - t - 1. Let x be b(-1). Suppose -q + x = -0. Let f(v) = 4*v**3 - 1. What are the prime factors of f(q)?
3
Let v(k) = 4*k**3 - 23*k**2 - 19*k + 6. List the prime factors of v(9).
2, 3, 37
Suppose -4 + 10 = 3*v. Suppose -2*s - 106 = a - 3*a, 58 = a - v*s. List the prime factors of a.
2, 3
Let p be -2 - (-5 - -3) - (1 + -2). What are the prime factors of 197 + -8 + (p - 2)?
2, 47
Let k be (1 + -14 - 0) + 1. Let u = k - 2. Let l = u + 25. What are the prime factors of l?
11
Let g(d) = -16*d + 14. Suppose -2*q = h - q + 3, 4 = q. List the prime factors of g(h).
2, 3, 7
Let u = 17 - 20. List the prime factors of (207/u)/(-1) - 3.
2, 3, 11
Suppose 25*v - 16*v = 10692. What are the prime factors of v?
2, 3, 11
Suppose 9*f = 1204 - 214. What are the prime factors of f?
2, 5, 11
Let l be (-6)/(-14) - (-2 - 54/21). Suppose 5*t - 909 = -5*u - 234, -2*t - 682 = -l*u. What are the prime factors of u?
2, 17
List the prime factors of (1 - 11) + (1780 - 116).
2, 827
Suppose 0 = 5*x - 586 - 859. Let d = 471 + -466. Suppose d*n + 2*t = 274, -3*t - x = -n - 4*n. What are the prime factors of n?
2, 7
Let o = -14 + 20. Suppose o*i - 148 = 2. What are the prime factors of i?
5
Suppose -3*n + 5*d + 983 - 236 = 0, -2*n - 2*d + 514 = 0. List the prime factors of n.
2, 127
Let l(m) = 12*m**2 - m - 10. Let u(w) = 13*w**2 - 11. Let v(x) = 4*l(x) - 3*u(x). List the prime factors of v(4).
11
Suppose -3*c - 22 = -178. Let k = 23 + c. List the prime factors of k.
3, 5
Suppose 4*q = -1130 + 8770. What are the prime factors of q?
2, 5, 191
Let a = -151 + 4169. List the prime factors of a.
2, 7, 41
Suppose 0 = 2*m + 2*w, -3*m + 6*m + 2*w + 4 = 0. What are the prime factors of (m - 9)*(0 + -1)?
13
Let r = 40 + -29. Let b = 14 - r. Suppose b*d - 19 = 14. List the prime f